 1c7 + -8?
1bf
In base 13, what is -5 + 20?
18
In base 9, what is 5 - -554?
560
In base 4, what is -233 - -300?
1
In base 16, what is -5 + 1a6?
1a1
In base 9, what is 1 + 142?
143
In base 5, what is 1112 + 4?
1121
In base 15, what is -e3 - -4?
-de
In base 13, what is -212 + 3?
-20c
In base 6, what is -2 + -3113?
-3115
In base 2, what is 10001 - 0?
10001
In base 14, what is 3 - -22?
25
In base 7, what is 10 - -4?
14
In base 3, what is 20210 + -1?
20202
In base 12, what is 23a - 3?
237
In base 7, what is 6 - 22?
-13
In base 12, what is -5 - -112?
109
In base 13, what is 260 - 3?
25a
In base 13, what is -1492 - -6?
-1489
In base 2, what is -10011001 - -1?
-10011000
In base 12, what is -25 + -275?
-29a
In base 8, what is -4343 + 1?
-4342
In base 9, what is -3 - 4083?
-4086
In base 15, what is 5 - 2c8?
-2c3
In base 16, what is -10 - -2?
-e
In base 15, what is b - 352?
-346
In base 9, what is 0 - -133?
133
In base 14, what is 280 - 5?
279
In base 10, what is 54 - -165?
219
In base 7, what is 1335 - -3?
1341
In base 6, what is -4 + 20452?
20444
In base 15, what is 1 + -e?
-d
In base 15, what is -2 - -30?
2d
In base 15, what is -88 + 0?
-88
In base 5, what is -10 + 123?
113
In base 10, what is -5 + 461?
456
In base 2, what is 101 - 10?
11
In base 13, what is 8 - -14?
1c
In base 2, what is 1111 - -1100010?
1110001
In base 15, what is -98 + -4?
-9c
In base 12, what is -44 + 71?
29
In base 9, what is 5 - 1373?
-1367
In base 7, what is 3 - -3365?
3401
In base 12, what is 1a - -5?
23
In base 9, what is 28453 - 3?
28450
In base 3, what is 10212 + 1021?
12010
In base 10, what is -5 + 897?
892
In base 12, what is -7a + 35?
-45
In base 13, what is 450 + -4?
449
In base 15, what is 2 + -67?
-65
In base 6, what is -141 - -1?
-140
In base 15, what is -5 - d0?
-d5
In base 9, what is 1 - -1612?
1613
In base 10, what is 1313 - -1?
1314
In base 4, what is 3102132 + 0?
3102132
In base 2, what is 100 - 101010?
-100110
In base 15, what is -2 - -23c7?
23c5
In base 6, what is 41144 + 0?
41144
In base 12, what is -2 - 25a?
-260
In base 3, what is 2100 - -1011?
10111
In base 16, what is e + -3?
b
In base 2, what is -10010 - -10011101?
10001011
In base 6, what is 3 - 10024?
-10021
In base 4, what is 11 - 1103?
-1032
In base 16, what is -11f5 + -2?
-11f7
In base 5, what is -44 + -1?
-100
In base 6, what is 0 - 52?
-52
In base 6, what is 20 + 445?
505
In base 14, what is 69 - -1?
6a
In base 11, what is -67 + -51?
-108
In base 8, what is -1 + 1605?
1604
In base 13, what is -17c + -a?
-189
In base 9, what is 180 + 23?
213
In base 16, what is -1f79 - 4?
-1f7d
In base 16, what is -4 - 2cc?
-2d0
In base 8, what is -2 - -133?
131
In base 10, what is 25 - 37?
-12
In base 15, what is -5 + -86?
-8b
In base 2, what is -1 - -1101101?
1101100
In base 16, what is 1c + 7?
23
In base 8, what is 313 + -5?
306
In base 15, what is 1 + -3?
-2
In base 16, what is -74f - -3?
-74c
In base 9, what is -362 - 0?
-362
In base 14, what is -4 + 41?
3b
In base 12, what is -2015 + 7?
-200a
In base 13, what is 7b + b?
89
In base 5, what is 134420 + -1?
134414
In base 2, what is 10100000111 - -10?
10100001001
In base 14, what is 51 + 1?
52
In base 15, what is 3 + -1c?
-19
In base 6, what is 50321 - -4?
50325
In base 9, what is -1624 - 5?
-1630
In base 6, what is 313 + -3?
310
In base 16, what is 3 - 3?
0
In base 6, what is -4 + 50?
42
In base 13, what is 63 - -134?
197
In base 12, what is 21 + 0?
21
In base 13, what is 2 - 1b?
-19
In base 16, what is -7 + -2c?
-33
In base 6, what is -5 - 145?
-154
In base 12, what is -4 + -259?
-261
In base 12, what is 2b5 + -4?
2b1
In base 16, what is c2 + -11?
b1
In base 9, what is -16 + -156?
-173
In base 15, what is 18 - 29?
-11
In base 16, what is 19 + 7?
20
In base 5, what is 10 + 23441?
24001
In base 7, what is 4540 + 1?
4541
In base 5, what is -4 - -1024?
1020
In base 5, what is 2 - -113040?
113042
In base 3, what is 101011 + -12112?
11122
In base 10, what is 12 - 1?
11
In base 3, what is -12 - 210?
-222
In base 14, what is -5b2a - 4?
-5b30
In base 15, what is 8aa - -1?
8ab
In base 11, what is -4 - 45?
-49
In base 3, what is -1 - 220100?
-220101
In base 2, what is 11100100000 + 11?
11100100011
In base 16, what is -40f + -3?
-412
In base 4, what is -2 - 2232?
-2300
In base 5, what is 34 - -31?
120
In base 11, what is 5a + -44?
16
In base 9, what is -5 + 834?
828
In base 6, what is 2 + 451?
453
In base 12, what is -2 + -122?
-124
In base 11, what is -15 + 4?
-11
In base 7, what is 2 - 41?
-36
In base 10, what is -44 - -279?
235
In base 7, what is -116 + 361?
242
In base 13, what is -3 - 2272?
-2275
In base 16, what is -e - 9?
-17
In base 14, what is -183d + -4?
-1843
In base 12, what is 4 - 148?
-144
In base 11, what is 11 + a27?
a38
In base 5, what is 10 - -22?
32
In base 15, what is 1 - 144?
-143
In base 14, what is -bc - 65?
-143
In base 7, what is 1556 + 2?
1561
In base 11, what is -3 + 51?
49
In base 14, what is -a + -84?
-90
In base 13, what is -105 - 57?
-15c
In base 16, what is -9ae - 5?
-9b3
In base 11, what is -8 + -117?
-124
In base 16, what is 3 + 1d8?
1db
In base 6, what is 200 - 0?
200
In base 6, what is 22030 + -1?
22025
In base 7, what is 4 - -244?
251
In base 16, what is 1 + d35?
d36
In base 9, what is -4 + -65?
-70
In base 13, what is -1 + 360?
35c
In base 15, what is -6 - -30?
29
In base 15, what is -c6 + 5?
-c1
In base 2, what is 100111010100 + 10?
100111010110
In base 3, what is -111202 + 11?
-111121
In base 16, what is 1 + 6?
7
In base 13, what is 3b8 - 3?
3b5
In base 14, what is 4 - acb?
-ac7
In base 10, what is 22 - -1?
23
In base 13, what is 25a - 4?
256
In base 6, what is -2100 + -2?
-2102
In base 3, what is 12 + 11?
100
In base 3, what is -11 - 10100?
-10111
In base 5, what is -10 - -2333?
2323
In base 15, what is -3 - -6?
3
In base 12, what is -b2 + 7?
-a7
In base 9, what is -5 + -38?
-44
In base 16, what is -5810 + -1?
-5811
In base 8, what is 33 + 0?
33
In base 15, what is c + -8?
4
In base 9, what is -6 - -145?
138
In base 7, what is 46 - -1?
50
In base 3, what is -2 - 101101?
-101110
In base 7, what is -20561 - -4?
-20554
In base 12, what is 5b - 78?
-19
In base 6, what is -3 - -131?
124
In base 2, what is -1000011100011 + 0?
-1000011100011
In base 3, what is -121 + 1010?
112
In base 4, what is -102 - 21?
-123
In base 14, what is 45 + -5?
40
In base 9, what is -15 - 75?
-101
In base 8, what is -7 + 1?
-6
In base 10, what is 21 - -2?
23
In base 14, what is 141 + -5?
13a
In base 15, what is 8ee - 4?
8ea
In base 11, what is a + 1025?
1034
In base 11, what is -5 - 76a?
-774
In base 12, what is 5 - -353?
358
In base 8, what is 10 + 30?
40
In base 8, what is 155 - -232?
407
In base 6, what is -32143 + -5?
-32152
In base 11, what is 4 - 51?
-48
In base 12, what is 0 + -18a?
-18a
In base 15, what is -27 + -16?
-3d
In base 4, what is -10 - 232031?
-232101
In base 8, what is -236 - -101?
-135
In base 2, what is -10010100111111 + 1?
-10010100111110
In base 15, what is -29 + 5?
-24
In base 11, what is 4 + -483?
-47a
In base 14, what is -9 - 1a?
-25
In base 15, what is 229 - -1e?
248
In base 15, what is 174 + -5?
16e
In base 3, what is -212 + 110?
-102
In base 11, what is 5 + -40?
-36
In base 6, what is 10 + -51?
-41
In base 8, what is 4 + -14?
-10
In base 16, what is -3bb + 3?
-3b8
In base 8, what is -33 - -12?
-21
In base 3, what is 101 + -1021?
-220
In base 16, what is -4 + -2ad?
-2b1
In base 10, what is 43 + -44?
-1
In base 13, what is -3 + 45?
42
In base 3, what is 2 + -20?
-11
In base 11, what is -13 - -173?
160
In base 3, what is 222020212 + 1?
222020220
In base 6, what is 2200 + 3?
2203
In base 8, what is -7 - 7?
-16
In base 3, what is 2002 - -12?
2021
In base 11, what is 439 - -4?
442
In base 6, what is 1143 - 0?
1143
In base 11, what is -11a4 - 1?
-11a5
In base 7, what is -4 - 103?
-110
In base 14, what is -3 + -124?
-127
In base 11, what is 1 + -468?
-467
In base 14, what is -bd + -5?
-c4
In base 3, what is 202010 + -10?
202000
In base 4, what is 1233000 - 0?
1233000
In base 9, what is -8 + 237?
228
In base 15, what is -9b - -7?
-94
In base 8, what is -6 - -440?
432
In base 15, what is 19a - 2b?
16e
In base 8, what is 541 - -1?
542
In base 9, what is 1081 - 5?
1075
In base 5, what is -10 - 300?
-310
In base 8, what is 1536 - -3?
1541
